{"id":47046,"date":"2025-05-08T11:27:03","date_gmt":"2025-05-08T11:27:03","guid":{"rendered":"https:\/\/www.webgains.com\/public\/?page_id=47046"},"modified":"2026-04-24T09:25:11","modified_gmt":"2026-04-24T09:25:11","slug":"demarrer-un-programme","status":"publish","type":"page","link":"https:\/\/www.webgains.com\/public\/fr\/demarrer-un-programme\/","title":{"rendered":"Demarrer-un-programme"},"content":{"rendered":"\n<section class=\"wp-block-uagb-section uagb-section__wrap uagb-section__background-image uagb-block-2c8dc4a4 uag-hide-mob uag-hide-mob\"><div class=\"uagb-section__overlay\"><\/div><div class=\"uagb-section__inner-wrap\">\n<div style=\"height:30px\" aria-hidden=\"true\" class=\"wp-block-spacer uag-hide-desktop uag-hide-tab uag-hide-desktop uag-hide-tab\"><\/div>\n\n\n\n<div style=\"height:50px\" aria-hidden=\"true\" class=\"wp-block-spacer uag-hide-desktop uag-hide-tab uag-hide-desktop uag-hide-tab\"><\/div>\n\n\n\n<div class=\"wp-container-4 wp-block-columns\">\n<div class=\"wp-container-2 wp-block-column\">\n<div style=\"height:127px\" aria-hidden=\"true\" class=\"wp-block-spacer\"><\/div>\n\n\n\n<h2 class=\"has-text-align-center has-webgainslightorange-color has-text-color\" style=\"font-size:34px;font-style:normal;font-weight:600;letter-spacing:5px\">D\u00e9marrer un programme avec Webgains<\/h2>\n\n\n\n<div style=\"height:19px\" aria-hidden=\"true\" class=\"wp-block-spacer\"><\/div>\n\n\n\n<h2 class=\"has-text-align-center has-webgainswhite-color has-text-color\" style=\"font-size:26px;font-style:normal;font-weight:300\">Remplissez et soumettez le formulaire ci-dessous pour commencer \u00e0 travailler avec Webgains<\/h2>\n\n\n\n<div style=\"height:25px\" aria-hidden=\"true\" class=\"wp-block-spacer\"><\/div>\n\n\n\n<div class=\"wp-container-1 is-content-justification-center wp-block-buttons\">\n<div class=\"wp-block-button has-custom-font-size is-style-fill\" style=\"font-size:22px\"><a class=\"wp-block-button__link has-webgainswhite-color has-text-color has-background\" href=\"https:\/\/www.webgains.com\/public\/fr\/demarrer-un-programme\/#start\" style=\"background:linear-gradient(135deg,rgb(226,33,52) 7%,rgb(230,27,123) 100%)\">Rejoignez-nous<\/a><\/div>\n<\/div>\n<\/div>\n\n\n\n<div class=\"wp-container-3 wp-block-column\">\n<section class=\"wp-block-uagb-section uagb-section__wrap uagb-section__background-undefined uagb-block-7df51be8\"><div class=\"uagb-section__overlay\"><\/div><div class=\"uagb-section__inner-wrap\">\n<div style=\"height:48px\" aria-hidden=\"true\" class=\"wp-block-spacer\"><\/div>\n\n\n\n<figure class=\"wp-block-image size-full\"><img width=\"1024\" height=\"889\" src=\"https:\/\/www.webgains.com\/public\/wp-content\/uploads\/2025\/01\/Webgains-screen-and-awards.png\" alt=\"\" class=\"wp-image-45415\" srcset=\"https:\/\/www.webgains.com\/public\/wp-content\/uploads\/2025\/01\/Webgains-screen-and-awards.png 1024w, https:\/\/www.webgains.com\/public\/wp-content\/uploads\/2025\/01\/Webgains-screen-and-awards-300x260.png 300w, https:\/\/www.webgains.com\/public\/wp-content\/uploads\/2025\/01\/Webgains-screen-and-awards-768x667.png 768w\" sizes=\"(max-width: 1024px) 100vw, 1024px\" \/><\/figure>\n<\/div><\/section>\n<\/div>\n<\/div>\n<\/div><\/section>\n\n\n\n<section class=\"wp-block-uagb-section uagb-section__wrap uagb-section__background-color uagb-block-fd71809f uag-hide-desktop uag-hide-tab uag-hide-desktop uag-hide-tab\"><div class=\"uagb-section__overlay\"><\/div><div class=\"uagb-section__inner-wrap\">\n<div style=\"height:30px\" aria-hidden=\"true\" class=\"wp-block-spacer uag-hide-desktop uag-hide-tab uag-hide-desktop uag-hide-tab\"><\/div>\n\n\n\n<div class=\"wp-container-8 wp-block-columns\">\n<div class=\"wp-container-6 wp-block-column\">\n<div style=\"height:127px\" aria-hidden=\"true\" class=\"wp-block-spacer\"><\/div>\n\n\n\n<h2 class=\"has-text-align-center has-webgainslightorange-color has-text-color\" style=\"font-size:34px;font-style:normal;font-weight:600;letter-spacing:5px\">D\u00e9marrer un programme avec Webgains<\/h2>\n\n\n\n<div style=\"height:19px\" aria-hidden=\"true\" class=\"wp-block-spacer\"><\/div>\n\n\n\n<h2 class=\"has-text-align-center has-webgainswhite-color has-text-color\" style=\"font-size:22px;font-style:normal;font-weight:300\">Remplissez et soumettez le formulaire ci-dessous pour commencer \u00e0 travailler avec Webgains<\/h2>\n\n\n\n<div style=\"height:25px\" aria-hidden=\"true\" class=\"wp-block-spacer\"><\/div>\n\n\n\n<div class=\"wp-container-5 is-content-justification-center wp-block-buttons\">\n<div class=\"wp-block-button has-custom-font-size is-style-fill\" style=\"font-size:22px\"><a class=\"wp-block-button__link has-webgainswhite-color has-text-color has-background\" href=\"https:\/\/www.webgains.com\/public\/fr\/demarrer-un-programme\/#start\" style=\"background:linear-gradient(135deg,rgb(226,33,52) 7%,rgb(230,27,123) 100%)\">Rejoignez-nous<\/a><\/div>\n<\/div>\n<\/div>\n\n\n\n<div class=\"wp-container-7 wp-block-column\">\n<section class=\"wp-block-uagb-section uagb-section__wrap uagb-section__background-undefined uagb-block-ac1a33fd\"><div class=\"uagb-section__overlay\"><\/div><div class=\"uagb-section__inner-wrap\">\n<div style=\"height:48px\" aria-hidden=\"true\" class=\"wp-block-spacer\"><\/div>\n\n\n\n<figure class=\"wp-block-image size-large\"><img width=\"1024\" height=\"889\" src=\"https:\/\/www.webgains.com\/public\/wp-content\/uploads\/2024\/07\/Website-pages-Final-Graphs-9-1024x889.png\" alt=\"\" class=\"wp-image-42659\" srcset=\"https:\/\/www.webgains.com\/public\/wp-content\/uploads\/2024\/07\/Website-pages-Final-Graphs-9-1024x889.png 1024w, https:\/\/www.webgains.com\/public\/wp-content\/uploads\/2024\/07\/Website-pages-Final-Graphs-9-300x261.png 300w, https:\/\/www.webgains.com\/public\/wp-content\/uploads\/2024\/07\/Website-pages-Final-Graphs-9-768x667.png 768w, https:\/\/www.webgains.com\/public\/wp-content\/uploads\/2024\/07\/Website-pages-Final-Graphs-9-1600x1389.png 1600w, https:\/\/www.webgains.com\/public\/wp-content\/uploads\/2024\/07\/Website-pages-Final-Graphs-9-1536x1334.png 1536w, https:\/\/www.webgains.com\/public\/wp-content\/uploads\/2024\/07\/Website-pages-Final-Graphs-9-2048x1779.png 2048w\" sizes=\"(max-width: 1024px) 100vw, 1024px\" \/><\/figure>\n<\/div><\/section>\n<\/div>\n<\/div>\n<\/div><\/section>\n\n\n\n<section class=\"wp-block-uagb-section uagb-section__wrap uagb-section__background-color uagb-block-1e896fdc\"><div class=\"uagb-section__overlay\"><\/div><div class=\"uagb-section__inner-wrap\">\n<div class=\"wp-container-12 wp-block-columns\">\n<div class=\"wp-container-9 wp-block-column uag-hide-mob uag-hide-mob\" style=\"flex-basis:400px\">\n<div style=\"height:21px\" aria-hidden=\"true\" class=\"wp-block-spacer\"><\/div>\n\n\n\n<h4 class=\"has-webgainsdeepblueblack-color has-text-color\" style=\"font-size:24px;font-style:normal;font-weight:600\">D\u00e9marrer un programme<\/h4>\n\n\n\n<div style=\"height:34px\" aria-hidden=\"true\" class=\"wp-block-spacer\"><\/div>\n\n\n\n<p class=\"has-text-align-left\">Webgains poss\u00e8de un r\u00e9seau de marketing d\u2019affiliation tr\u00e8s performant. Nous accompagnons nos annonceurs et nos \u00e9diteurs dans l\u2019atteinte de leurs objectifs de performance solide et durable.<\/p>\n\n\n\n<p>Nos \u00e9quipes, expertes en affiliation, vous aideront \u00e0 accro\u00eetre vos ventes et \u00e0 cr\u00e9er votre place dans un march\u00e9 de plus en plus concurrentiel o\u00f9 les gestes audacieux font la diff\u00e9rence.<\/p>\n\n\n\n<div style=\"height:80px\" aria-hidden=\"true\" class=\"wp-block-spacer\"><\/div>\n\n\n\n<h4 class=\"has-webgainsdeepblueblack-color has-text-color\" style=\"font-size:24px;font-style:normal;font-weight:600\">Pourquoi Webgains<\/h4>\n\n\n\n<div style=\"height:34px\" aria-hidden=\"true\" class=\"wp-block-spacer\"><\/div>\n\n\n\n<div class=\"wp-block-uagb-icon-list uagb-block-7840850b uagb-icon-list__outer-wrap uagb-icon-list__layout-vertical\"><div class=\"uagb-icon-list__wrap\">\n<div class=\"wp-block-uagb-icon-list-child uagb-block-704869aa uagb-icon-list-repeater uagb-icon-list__wrapper\"><span class=\"uagb-icon-list__source-wrap\"><svg xmlns=\"https:\/\/www.w3.org\/2000\/svg\" viewBox=\"0 0 448 512\"><path d=\"M438.6 105.4C451.1 117.9 451.1 138.1 438.6 150.6L182.6 406.6C170.1 419.1 149.9 419.1 137.4 406.6L9.372 278.6C-3.124 266.1-3.124 245.9 9.372 233.4C21.87 220.9 42.13 220.9 54.63 233.4L159.1 338.7L393.4 105.4C405.9 92.88 426.1 92.88 438.6 105.4H438.6z\"><\/path><\/svg><\/span><span class=\"uagb-icon-list__label\">Plus de<strong> 1800 annonceurs <\/strong>utilisent notre r\u00e9seau mondial<\/span><\/div>\n\n\n\n<div class=\"wp-block-uagb-icon-list-child uagb-block-46b543e4 uagb-icon-list-repeater uagb-icon-list__wrapper\"><span class=\"uagb-icon-list__source-wrap\"><svg xmlns=\"https:\/\/www.w3.org\/2000\/svg\" viewBox=\"0 0 448 512\"><path d=\"M438.6 105.4C451.1 117.9 451.1 138.1 438.6 150.6L182.6 406.6C170.1 419.1 149.9 419.1 137.4 406.6L9.372 278.6C-3.124 266.1-3.124 245.9 9.372 233.4C21.87 220.9 42.13 220.9 54.63 233.4L159.1 338.7L393.4 105.4C405.9 92.88 426.1 92.88 438.6 105.4H438.6z\"><\/path><\/svg><\/span><span class=\"uagb-icon-list__label\">Plus de<strong> 250 000 \u00e9diteurs <\/strong>avec lesquels travailler<\/span><\/div>\n\n\n\n<div class=\"wp-block-uagb-icon-list-child uagb-block-f7b990ae uagb-icon-list-repeater uagb-icon-list__wrapper\"><span class=\"uagb-icon-list__source-wrap\"><svg xmlns=\"https:\/\/www.w3.org\/2000\/svg\" viewBox=\"0 0 448 512\"><path d=\"M438.6 105.4C451.1 117.9 451.1 138.1 438.6 150.6L182.6 406.6C170.1 419.1 149.9 419.1 137.4 406.6L9.372 278.6C-3.124 266.1-3.124 245.9 9.372 233.4C21.87 220.9 42.13 220.9 54.63 233.4L159.1 338.7L393.4 105.4C405.9 92.88 426.1 92.88 438.6 105.4H438.6z\"><\/path><\/svg><\/span><span class=\"uagb-icon-list__label\">Possibilit\u00e9 de g\u00e9n\u00e9rer des ventes dans <strong>150<\/strong> pays \u00e0 travers le monde<\/span><\/div>\n\n\n\n<div class=\"wp-block-uagb-icon-list-child uagb-block-2534ce58 uagb-icon-list-repeater uagb-icon-list__wrapper\"><span class=\"uagb-icon-list__source-wrap\"><svg xmlns=\"https:\/\/www.w3.org\/2000\/svg\" viewBox=\"0 0 448 512\"><path d=\"M438.6 105.4C451.1 117.9 451.1 138.1 438.6 150.6L182.6 406.6C170.1 419.1 149.9 419.1 137.4 406.6L9.372 278.6C-3.124 266.1-3.124 245.9 9.372 233.4C21.87 220.9 42.13 220.9 54.63 233.4L159.1 338.7L393.4 105.4C405.9 92.88 426.1 92.88 438.6 105.4H438.6z\"><\/path><\/svg><\/span><span class=\"uagb-icon-list__label\">Accompagnement <strong>d\u00e9di\u00e9<\/strong>, formation et assistance sur mesure<\/span><\/div>\n\n\n\n<div class=\"wp-block-uagb-icon-list-child uagb-block-3502d1a7 uagb-icon-list-repeater uagb-icon-list__wrapper\"><span class=\"uagb-icon-list__source-wrap\"><svg xmlns=\"https:\/\/www.w3.org\/2000\/svg\" viewBox=\"0 0 448 512\"><path d=\"M438.6 105.4C451.1 117.9 451.1 138.1 438.6 150.6L182.6 406.6C170.1 419.1 149.9 419.1 137.4 406.6L9.372 278.6C-3.124 266.1-3.124 245.9 9.372 233.4C21.87 220.9 42.13 220.9 54.63 233.4L159.1 338.7L393.4 105.4C405.9 92.88 426.1 92.88 438.6 105.4H438.6z\"><\/path><\/svg><\/span><span class=\"uagb-icon-list__label\">Technologie <strong>de pointe<\/strong><\/span><\/div>\n<\/div><\/div>\n<\/div>\n\n\n\n<div class=\"wp-container-10 wp-block-column\" style=\"flex-basis:8px\"><\/div>\n\n\n\n<div class=\"wp-container-11 wp-block-column\" style=\"flex-basis:750px\">\n<section class=\"wp-block-uagb-section uagb-section__wrap uagb-section__background-color uagb-block-51502282\" id=\"start\"><div class=\"uagb-section__overlay\"><\/div><div class=\"uagb-section__inner-wrap\">\n<section class=\"wp-block-uagb-section uagb-section__wrap uagb-section__background-undefined uagb-block-38c61d05\"><div class=\"uagb-section__overlay\"><\/div><div class=\"uagb-section__inner-wrap\"><\/div><\/section>\n\n\n\n<iframe loading=\"lazy\" width=\"540\" height=\"850\" src=\"https:\/\/f590000f.sibforms.com\/serve\/MUIFAHTChDwO3fgSeb4KY2pkUF3ncYe4lMUx6bl8uqQ1GMaW2fr8nJ6rcGd9rSeDnTg0kHvE4OoBin6oL3_NlEkoPbUO91RV5FkuGfd5kE1GTIAE7pVs0KRfpN-kutTYn37hLOdfkBH3vukXxSl65_PFFFQqNbDLyQDlSP1Ohx-cZ5LszW4f1oC3DOs4qaCk14BSQMrSsa4tF2rj\" frameborder=\"0\" scrolling=\"auto\" allowfullscreen=\"\" style=\"display: block;margin-left: auto;margin-right: auto;max-width: 100%;\"><\/iframe>\n<\/div><\/section>\n<\/div>\n<\/div>\n<\/div><\/section>\n\n\n\n<section class=\"wp-block-uagb-section uagb-section__wrap uagb-section__background-color uagb-block-43df496c\"><div class=\"uagb-section__overlay\"><\/div><div class=\"uagb-section__inner-wrap\">\n<div class=\"wp-container-22 wp-block-columns\">\n<div class=\"wp-container-16 wp-block-column\">\n<h4 class=\"has-text-align-center has-webgainsdeepblueblack-color has-text-color\" style=\"font-size:24px;font-style:normal;font-weight:600;text-transform:uppercase;letter-spacing:5px\">250,000 partenaires<\/h4>\n\n\n\n<div style=\"height:25px\" aria-hidden=\"true\" class=\"wp-block-spacer\"><\/div>\n\n\n\n<div class=\"wp-container-15 wp-block-columns\">\n<div class=\"wp-container-13 wp-block-column\"><div class=\"wp-block-image\">\n<figure class=\"aligncenter size-full is-resized\"><img src=\"https:\/\/www.webgains.com\/public\/wp-content\/uploads\/2026\/04\/frandroid.png\" alt=\"\" class=\"wp-image-55566\" width=\"188\" height=\"90\"\/><\/figure><\/div>\n\n<div class=\"wp-block-image\">\n<figure class=\"aligncenter size-full is-resized\"><img src=\"https:\/\/www.webgains.com\/public\/wp-content\/uploads\/2025\/05\/mareduc.png\" alt=\"\" class=\"wp-image-47053\" width=\"165\" height=\"90\"\/><\/figure><\/div>\n\n<div class=\"wp-block-image\">\n<figure class=\"aligncenter size-full\"><img width=\"165\" height=\"90\" src=\"https:\/\/www.webgains.com\/public\/wp-content\/uploads\/2025\/05\/cote-maison.png\" alt=\"\" class=\"wp-image-47051\"\/><\/figure><\/div><\/div>\n\n\n\n<div class=\"wp-container-14 wp-block-column\"><div class=\"wp-block-image\">\n<figure class=\"aligncenter size-full\"><img width=\"165\" height=\"90\" src=\"https:\/\/www.webgains.com\/public\/wp-content\/uploads\/2025\/05\/velka-shopping.png\" alt=\"\" class=\"wp-image-47055\"\/><\/figure><\/div>\n\n<div class=\"wp-block-image\">\n<figure class=\"aligncenter size-full\"><img width=\"250\" height=\"120\" src=\"https:\/\/www.webgains.com\/public\/wp-content\/uploads\/2025\/09\/joko.png\" alt=\"\" class=\"wp-image-51136\"\/><\/figure><\/div>\n\n<div class=\"wp-block-image\">\n<figure class=\"aligncenter size-full\"><img width=\"165\" height=\"90\" src=\"https:\/\/www.webgains.com\/public\/wp-content\/uploads\/2025\/05\/11.png\" alt=\"\" class=\"wp-image-47050\"\/><\/figure><\/div><\/div>\n<\/div>\n\n\n\n<div style=\"height:50px\" aria-hidden=\"true\" class=\"wp-block-spacer uag-hide-desktop uag-hide-tab uag-hide-desktop uag-hide-tab\"><\/div>\n<\/div>\n\n\n\n<div class=\"wp-container-17 wp-block-column\" style=\"flex-basis:90px\"><\/div>\n\n\n\n<div class=\"wp-container-21 wp-block-column\">\n<h4 class=\"has-text-align-center has-webgainsdeepblueblack-color has-text-color\" style=\"font-size:24px;font-style:normal;font-weight:600;text-transform:uppercase;letter-spacing:5px\">1,800 Annonceurs<\/h4>\n\n\n\n<div style=\"height:25px\" aria-hidden=\"true\" class=\"wp-block-spacer\"><\/div>\n\n\n\n<div class=\"wp-container-20 wp-block-columns\">\n<div class=\"wp-container-18 wp-block-column\"><div class=\"wp-block-image\">\n<figure class=\"aligncenter size-full is-resized\"><img src=\"https:\/\/www.webgains.com\/public\/wp-content\/uploads\/2026\/04\/corscia-ferries.png\" alt=\"\" class=\"wp-image-55572\" width=\"188\" height=\"90\"\/><\/figure><\/div>\n\n<div class=\"wp-block-image\">\n<figure class=\"aligncenter size-full is-resized\"><img src=\"https:\/\/www.webgains.com\/public\/wp-content\/uploads\/2026\/04\/mova-1.png\" alt=\"\" class=\"wp-image-55573\" width=\"188\" height=\"90\"\/><\/figure><\/div>\n\n<div class=\"wp-block-image\">\n<figure class=\"aligncenter size-full is-resized\"><img src=\"https:\/\/www.webgains.com\/public\/wp-content\/uploads\/2026\/04\/polar.png\" alt=\"\" class=\"wp-image-55576\" width=\"188\" height=\"90\"\/><\/figure><\/div><\/div>\n\n\n\n<div class=\"wp-container-19 wp-block-column\"><div class=\"wp-block-image\">\n<figure class=\"aligncenter size-full is-resized\"><img src=\"https:\/\/www.webgains.com\/public\/wp-content\/uploads\/2026\/04\/flexispot-e.png\" alt=\"\" class=\"wp-image-55574\" width=\"188\" height=\"90\"\/><\/figure><\/div>\n\n<div class=\"wp-block-image\">\n<figure class=\"aligncenter size-full is-resized\"><img src=\"https:\/\/www.webgains.com\/public\/wp-content\/uploads\/2026\/04\/atelier-morphee.png\" alt=\"\" class=\"wp-image-55569\" width=\"188\" height=\"90\"\/><\/figure><\/div>\n\n<div class=\"wp-block-image\">\n<figure class=\"aligncenter size-full is-resized\"><img src=\"https:\/\/www.webgains.com\/public\/wp-content\/uploads\/2025\/09\/natures-finest-1.png\" alt=\"\" class=\"wp-image-51188\" width=\"188\" height=\"90\"\/><\/figure><\/div><\/div>\n<\/div>\n<\/div>\n<\/div>\n<\/div><\/section>\n\n\n\n<section class=\"wp-block-uagb-section uagb-section__wrap uagb-section__background-image uagb-block-85c1e85f\"><div class=\"uagb-section__overlay\"><\/div><div class=\"uagb-section__inner-wrap\">\n<section class=\"wp-block-uagb-section uagb-section__wrap uagb-section__background-undefined uagb-block-1b4ab644\"><div class=\"uagb-section__overlay\"><\/div><div class=\"uagb-section__inner-wrap\">\n<h2><\/h2>\n\n\n\n<h4 class=\"has-text-align-center has-webgainspink-color has-text-color\" id=\"whoweare\" style=\"font-size:28px;font-style:normal;font-weight:600;letter-spacing:5px\">TESTIMONIALS<\/h4>\n\n\n\n<h4 class=\"has-text-align-center has-webgainswhite-color has-text-color has-medium-font-size\" id=\"whoweare\" style=\"font-style:normal;font-weight:100\">Ce que disent nos clients\u2026<\/h4>\n<\/div><\/section>\n\n\n\n<div class=\"wp-container-26 wp-block-columns\">\n<div class=\"wp-container-23 wp-block-column\"><div class=\"wp-block-image\">\n<figure class=\"aligncenter size-full\"><img width=\"345\" height=\"300\" src=\"https:\/\/www.webgains.com\/public\/wp-content\/uploads\/2025\/05\/DE-SAP-logos-4.png\" alt=\"\" class=\"wp-image-47060\" srcset=\"https:\/\/www.webgains.com\/public\/wp-content\/uploads\/2025\/05\/DE-SAP-logos-4.png 345w, https:\/\/www.webgains.com\/public\/wp-content\/uploads\/2025\/05\/DE-SAP-logos-4-300x261.png 300w\" sizes=\"(max-width: 345px) 100vw, 345px\" \/><\/figure><\/div>\n\n\n<section class=\"wp-block-uagb-section uagb-section__wrap uagb-section__background-undefined uagb-block-5de8fcda\"><div class=\"uagb-section__overlay\"><\/div><div class=\"uagb-section__inner-wrap\">\n<div style=\"height:10px\" aria-hidden=\"true\" class=\"wp-block-spacer\"><\/div>\n\n\n\n<p class=\"has-webgainswhite-color has-text-color\" style=\"font-size:22px;font-style:normal;font-weight:600;letter-spacing:1px\">&#8220;D\u00e8s le d\u00e9part, l&#8217;\u00e9quipe Webgains a fait preuve d&#8217;enthousiasme et nous a apport\u00e9 un soutien permanent gr\u00e2ce \u00e0 leurs Account Managers d\u00e9di\u00e9s, leurs id\u00e9es innovantes et leur implication pour faire performer les programmes Mothercare et ELC.&#8221;<\/p>\n<\/div><\/section>\n<\/div>\n\n\n\n<div class=\"wp-container-24 wp-block-column\" style=\"flex-basis:2px\"><\/div>\n\n\n\n<div class=\"wp-container-25 wp-block-column\"><div class=\"wp-block-image\">\n<figure class=\"aligncenter size-full\"><img width=\"345\" height=\"300\" src=\"https:\/\/www.webgains.com\/public\/wp-content\/uploads\/2025\/05\/DE-SAP-logos-5.png\" alt=\"\" class=\"wp-image-47061\" srcset=\"https:\/\/www.webgains.com\/public\/wp-content\/uploads\/2025\/05\/DE-SAP-logos-5.png 345w, https:\/\/www.webgains.com\/public\/wp-content\/uploads\/2025\/05\/DE-SAP-logos-5-300x261.png 300w\" sizes=\"(max-width: 345px) 100vw, 345px\" \/><\/figure><\/div>\n\n\n<section class=\"wp-block-uagb-section uagb-section__wrap uagb-section__background-undefined uagb-block-493ba4b9\"><div class=\"uagb-section__overlay\"><\/div><div class=\"uagb-section__inner-wrap\">\n<div style=\"height:10px\" aria-hidden=\"true\" class=\"wp-block-spacer\"><\/div>\n\n\n\n<p class=\"has-webgainswhite-color has-text-color\" style=\"font-size:22px;font-style:normal;font-weight:600;letter-spacing:1px\">&#8220;C&#8217;\u00e9tait un plaisir et un privil\u00e8ge d&#8217;\u00eatre invit\u00e9 \u00e0 intervenir \u00e0 la Webgains Acad\u00e9mie sur le sujet suivant : les dix prochaines ann\u00e9es d&#8217;innovation de la technologie et l&#8217;impact sur le marketing \u00e0 la performance et le e-commerce. J&#8217;aime beaucoup le fait que l&#8217;objectif de l&#8217;Acad\u00e9mie soit d&#8217;inciter et de stimuler la cr\u00e9ativit\u00e9 et le partage de connaissances dans l&#8217;industrie. C&#8217;est primordial de nos jours!&#8221;<\/p>\n<\/div><\/section>\n<\/div>\n<\/div>\n<\/div><\/section>\n","protected":false},"excerpt":{"rendered":"<p> [&#8230;]<\/p>\n<p><a class=\"btn btn-secondary understrap-read-more-link\" href=\"https:\/\/www.webgains.com\/public\/fr\/demarrer-un-programme\/\">Read More&#8230;<\/a><\/p>\n","protected":false},"author":45,"featured_media":0,"parent":0,"menu_order":0,"comment_status":"closed","ping_status":"closed","template":"page-templates\/template-blank-landing-page.php","meta":{"_uag_custom_page_level_css":""},"acf":[],"uagb_featured_image_src":{"full":false,"thumbnail":false,"medium":false,"medium_large":false,"large":false,"xl":false,"xxl":false,"xxxl":false,"xxxxl":false,"xxxxxl":false,"1536x1536":false,"2048x2048":false},"uagb_author_info":{"display_name":"Rob Atkinson","author_link":"https:\/\/www.webgains.com\/public\/author\/ratkinsonwebgains-com\/"},"uagb_comment_info":0,"uagb_excerpt":"[...]Read More...","_links":{"self":[{"href":"https:\/\/www.webgains.com\/public\/wp-json\/wp\/v2\/pages\/47046"}],"collection":[{"href":"https:\/\/www.webgains.com\/public\/wp-json\/wp\/v2\/pages"}],"about":[{"href":"https:\/\/www.webgains.com\/public\/wp-json\/wp\/v2\/types\/page"}],"author":[{"embeddable":true,"href":"https:\/\/www.webgains.com\/public\/wp-json\/wp\/v2\/users\/45"}],"replies":[{"embeddable":true,"href":"https:\/\/www.webgains.com\/public\/wp-json\/wp\/v2\/comments?post=47046"}],"version-history":[{"count":42,"href":"https:\/\/www.webgains.com\/public\/wp-json\/wp\/v2\/pages\/47046\/revisions"}],"predecessor-version":[{"id":55580,"href":"https:\/\/www.webgains.com\/public\/wp-json\/wp\/v2\/pages\/47046\/revisions\/55580"}],"wp:attachment":[{"href":"https:\/\/www.webgains.com\/public\/wp-json\/wp\/v2\/media?parent=47046"}],"curies":[{"name":"wp","href":"https:\/\/api.w.org\/{rel}","templated":true}]}}